{"id":51,"date":"2015-02-16T22:16:08","date_gmt":"2015-02-16T22:16:08","guid":{"rendered":"http:\/\/saleia.de\/?page_id=51"},"modified":"2022-03-07T22:49:56","modified_gmt":"2022-03-07T22:49:56","slug":"faq","status":"publish","type":"page","link":"https:\/\/saleia.de\/?page_id=51","title":{"rendered":"FAQ"},"content":{"rendered":"<p><strong>Wie bist du darauf gekommen, S\u00e4ngerin zu werden?<\/strong><br \/>\nEs war schon immer mein Kindheitstraum S\u00e4ngerin zu werden. Schon als Kind stand ich mit einem Spielmikrofon im Laufstall und habe Michael Jackson Lieder getr\u00e4llert. Nat\u00fcrlich waren diese nicht wirklich mit anzuh\u00f6ren, aber im Laufe der Zeit habe ich mir immer mehr M\u00fche gegeben zu singen. Meine Mutter meinte damals zu mir im Kindesalter, dass ich noch nicht gef\u00fchlvoll genug singen w\u00fcrde. Das habe ich mir nat\u00fcrlich zu Herzen genommen, um meine Mutter gl\u00fccklich zu machen. Ich denke heute ist sie mit mir zufrieden! \ud83d\ude00 In meiner Musik-Bahn habe ich mich dann dem Kirchenchor &#8222;St. Otger&#8220; angeschlossen, war Mitglied einer Reggeae-Band namens &#8222;Love, Sex and Motion&#8220; und sp\u00e4ter kam ich zu &#8222;King Size Clan&#8220;, der &#8222;Freilichtb\u00fchne in Coesfeld&#8220; und zu meinen eigenen Projekten daheim im Studio.<\/p>\n<p><strong>Was bedeutet Musik f\u00fcr dich? <\/strong><br \/>\nMusik bedeutet wahnsinnig viel f\u00fcr mich. Mit Musik kann man einfach so viel ausdr\u00fccken, bewirken, anderen Menschen eine Freude bereiten, sie sogar in eine andere Welt locken, damit sie ihre Alltags-Sorgen besser \u00fcberwinden und vergessen. Ja, Musik kann einen sogar retten. Die Backstreet Boys zeigten mir diese Erfahrung, denn schon drei mal in meinem Leben stand ich kurz vor dem Tode&#8230; Und genau in den Momenten kam immer ein Backstreet Boys Lied im Radio und es geschah ein Wunder. Deswegen musste ich Brian und den Boys auch unbedingt Danke sagen, weil sie mir irgendwie doch wohl mein Leben gerettet haben. Das witzige ist eben auch, dass sie genau das auch bewirken wollen, ihre Fans zu retten. Das hat mich noch mehr dazu gest\u00e4rkt Musik zu machen.<\/p>\n<p><strong>Wie lange willst du das noch machen? <\/strong><br \/>\nGegenfrage: Was ist das f\u00fcr eine Frage? \ud83d\ude00 Also ich denke ich werde bis zu meinem Grabe noch vor mich hinsingen. Und wenn es keiner mehr h\u00f6ren will, eben unter der Dusche! \ud83d\ude00 Deswegen freue ich mich einfach immer wieder auf neue Projekte!<\/p>\n<p><strong>Gibt es Veranstaltungen, die dir &#8222;zu klein&#8220; sind? <\/strong><br \/>\nNein, es gibt keine Veranstaltung die mir zu klein w\u00e4re. Ich finde sogar die kleinen Veranstaltungen richtig sch\u00f6n entspannend und lustig, da man sich mit den Menschen dort auch noch sch\u00f6n unterhalten kann. Au\u00dferdem bekommt man die Reaktionen hautnah mit, dass man bei gro\u00dfen Veranstaltungen leider nicht so gut mitbekommt. Aber dennoch mag ich kleine und gro\u00dfe Events!<\/p>\n<p><strong>Was ist f\u00fcr dich das Beste an deinen Auftritten? <\/strong><br \/>\nDie Reaktion der Zuschauer. Ich liebe es wenn sie lachen oder trauern, je nachdem was man auf der B\u00fchne gerade pr\u00e4sentiert. Wenn man das Publikum erreicht, ist es das sch\u00f6nste Gef\u00fchl auf Erden.<\/p>\n<p><strong>Wie gehst du mit Kritik auf deinem YouTube-Channel um?<\/strong><br \/>\nOhje&#8230; Gott sei Dank gab es noch nicht all zu viele davon, aber da muss man nat\u00fcrlich unterscheiden. Es gibt die ehrliche Kritik, die ich sehr zu sch\u00e4tzen wei\u00df. Ohne Kritik k\u00f6nnen wir uns selbst nicht weiter entwickeln. Wenn mir also ein Freund oder jemand Fremdes ehrlich sagt: &#8222;hey, das hast du nicht gut genug gemacht&#8220;, habe ich mich meist damit auseinander gesetzt, um es besser zu machen.<br \/>\nNat\u00fcrlich gibt es aber auch die Hasser- und Neider-Kritik, die von ganz weit hergeholt ist. Da muss ich mich an meinem Idol James Blunt zur\u00fcck erinnern, der meinte: &#8222;Hey, tut mir leid, aber Gott kann dich gerade nicht h\u00f6ren, denn er h\u00f6rt meine Musik.&#8220; Ich finde diesen Satz sehr lobenswert, denn es gibt so viele tolle S\u00e4nger, Bands und Artisten, die stets unter solcher Kritik leiden m\u00fcssen. Da bin ich der Meinung, dass sie sich vielleicht mal selbst auf die B\u00fchne stellen sollten, um da mitreden zu k\u00f6nnen wie viel Arbeit eigentlich darin steckt.<\/p>\n<p><strong>Wie wird man denn Showact auf einer Convention?<\/strong><br \/>\nDas bedarf viel Arbeit. Zu aller erst muss man zeigen, was man drauf hat: Lieder singen, eventuell auch Vorzeige-Videos haben, die man der Convention mit einer Bewerbung zusenden muss. Hinzu kommen dann: eine Setlist mit all den Liedern, die man singen m\u00f6chte, eine Technik-Liste, die genau beschreibt welches Licht oder welcher Effekt bei dem jeweiligen Lied erscheinen soll und eine Mitgliederliste, wie viele bei dem Showact mithelfen werden. Nat\u00fcrlich m\u00fcssen auch alle Kontaktdaten weiter gereicht werden, Bilder, Videos, Musik-Dateien. Die Conventions haben f\u00fcr jedes Jahr eine Bewerbungsfrist. Auf den Webseiten kann man sich auch alle Formulare und Informationen herunterladen, um diese auszuf\u00fcllen. Dabei ist zu beachten, dass jede Convention andere Anforderungen hat, lest euch also f\u00fcr eure gew\u00e4hlte Convention alles haargenau durch.<\/p>\n<p><strong>Du singst viele verschiedene Sachen: Anime, Games, Pop,&#8230; ist es schwierig, so ein gro\u00dfer Repertoire zu haben?<\/strong><br \/>\nWenn ich so dar\u00fcber nachdenke, stimmt das, dass ich in vielen Musik-Bereichen singe. Aber schwer ist das f\u00fcr mich nicht, eher eine Herausforderung alles gut zu machen. Mir macht es sehr viel Spa\u00df verschiedene Projekte in Angriff zu nehmen. So wird es auch nie langweilig!<\/p>\n<p><strong>Mit welcher Technik nimmst du zu Hause in deinem Homestudio auf?<\/strong><br \/>\nDas ist eine Frage, die mir oft gestellt wird! \ud83d\ude42 Also grunds\u00e4tzlich arbeite ich viel mit Apple. Ich besitze ein Shure Headset um die Musik so klar wie m\u00f6glich zu h\u00f6ren. Ich besitze eine Scarlett Soundkarte, die mein AKG-Studio-Mikro mit meinem iMac verbindet. Meine Stimme nehme ich dann mit Musik-Programmen auf und schneide es dort auch zu Recht. Im Nachhinein bearbeite ich die Videos mit iMovie und schneide so meine Filme, die ich mit dem iPhone mache. Also alles in allem, sehr apfelreich! \ud83d\ude00<\/p>\n<p><a href=\"http:\/\/saleia.de\/wp-content\/uploads\/2015\/02\/IMG_0604.jpg\"><img loading=\"lazy\" decoding=\"async\" class=\"alignnone size-full wp-image-1030\" src=\"http:\/\/saleia.de\/wp-content\/uploads\/2015\/02\/IMG_0604.jpg\" alt=\"\" width=\"2000\" height=\"1333\" srcset=\"https:\/\/saleia.de\/wp-content\/uploads\/2015\/02\/IMG_0604.jpg 2000w, https:\/\/saleia.de\/wp-content\/uploads\/2015\/02\/IMG_0604-300x200.jpg 300w, https:\/\/saleia.de\/wp-content\/uploads\/2015\/02\/IMG_0604-1024x682.jpg 1024w\" sizes=\"auto, (max-width: 2000px) 100vw, 2000px\" \/><\/a><\/p>\n<p><script async=\"\" src=\"\/\/pagead2.googlesyndication.com\/pagead\/js\/adsbygoogle.js\"><\/script><br \/>\n<!-- Saleia6 --><br \/>\n<ins class=\"adsbygoogle\" style=\"display: block;\" data-ad-client=\"ca-pub-1427055464359024\" data-ad-slot=\"2543826587\" data-ad-format=\"auto\"><\/ins><br \/>\n<script><br \/>\n(adsbygoogle = window.adsbygoogle || []).push({});<br \/>\n<\/script><\/p>\n","protected":false},"excerpt":{"rendered":"<p>Wie bist du darauf gekommen, S\u00e4ngerin zu werden? Es war schon immer mein Kindheitstraum S\u00e4ngerin zu werden. Schon als Kind stand ich mit einem Spielmikrofon im Laufstall und habe Michael Jackson Lieder getr\u00e4llert. Nat\u00fcrlich waren diese nicht wirklich mit anzuh\u00f6ren, aber im Laufe der Zeit &hellip; <a href=\"https:\/\/saleia.de\/?page_id=51\" class=\"more-link\"><span>Continue reading<span class=\"screen-reader-text\">FAQ<\/span><\/span><\/a><\/p>\n","protected":false},"author":1,"featured_media":0,"parent":0,"menu_order":7,"comment_status":"closed","ping_status":"closed","template":"","meta":{"footnotes":""},"class_list":["post-51","page","type-page","status-publish","hentry"],"_links":{"self":[{"href":"https:\/\/saleia.de\/index.php?rest_route=\/wp\/v2\/pages\/51","targetHints":{"allow":["GET"]}}],"collection":[{"href":"https:\/\/saleia.de\/index.php?rest_route=\/wp\/v2\/pages"}],"about":[{"href":"https:\/\/saleia.de\/index.php?rest_route=\/wp\/v2\/types\/page"}],"author":[{"embeddable":true,"href":"https:\/\/saleia.de\/index.php?rest_route=\/wp\/v2\/users\/1"}],"replies":[{"embeddable":true,"href":"https:\/\/saleia.de\/index.php?rest_route=%2Fwp%2Fv2%2Fcomments&post=51"}],"version-history":[{"count":13,"href":"https:\/\/saleia.de\/index.php?rest_route=\/wp\/v2\/pages\/51\/revisions"}],"predecessor-version":[{"id":4304,"href":"https:\/\/saleia.de\/index.php?rest_route=\/wp\/v2\/pages\/51\/revisions\/4304"}],"wp:attachment":[{"href":"https:\/\/saleia.de\/index.php?rest_route=%2Fwp%2Fv2%2Fmedia&parent=51"}],"curies":[{"name":"wp","href":"https:\/\/api.w.org\/{rel}","templated":true}]}}